+ 4*m - 260 = -4*t. What is the highest common divisor of m and o?
15
Let m = 45 - -7. What is the highest common divisor of m and 13?
13
Let o(r) = r**3 - 3*r**2 + 4*r - 4. Let l be 0/(3/3) + 4. Let h be 3/4*(0 + l). Let b be o(h). Calculate the highest common factor of b and 88.
8
Let r = 43 - 16. What is the greatest common factor of r and 3?
3
Suppose 2*j - 51 + 11 = 0. Calculate the highest common divisor of 2 and j.
2
Let v(b) = 7*b - 13. Let m be v(2). What is the greatest common factor of m and 1?
1
Let k = 4 + -3. Suppose 2*o - 14 = 4*d, -8 = -0*d + 4*d. Suppose -o*c - b = -2, 5*b + 11 = -5*c + 1. What is the highest common factor of k and c?
1
Let u(l) = -132*l. Suppose 3*z + 6 = -3*z. Let d be u(z). Suppose 0 = -3*v - 2*v + 60. What is the highest common factor of v and d?
12
Let i = 61 - 48. Calculate the highest common factor of i and 91.
13
Suppose -c + 111 = -2*j, -3*c - 4*j + 318 = -5*j. Calculate the highest common divisor of c and 42.
21
Let t(r) = r - 1. Let w be t(4). Let j be (-4)/20 + 178/(-10). Let l be (6/j)/(2/(-198)). Calculate the greatest common factor of w and l.
3
Suppose -4*k - 4*z = -44, -37 = -3*k + 2*z - z. Calculate the highest common factor of k and 54.
6
Let w be (12/10)/(180/5850). Let n = -30 - -43. What is the highest common divisor of w and n?
13
Let t be ((-196)/(-7))/(1/4). Calculate the greatest common divisor of t and 14.
14
Suppose 0 = -2*o - 16 - 2. Let j = o - -18. Calculate the greatest common divisor of j and 81.
9
Suppose -457 = -5*k - 97. What is the greatest common divisor of 36 and k?
36
Let l be (0 - 3)*(-44)/6. Suppose 11*y - 539 = -55. Calculate the greatest common divisor of l and y.
22
Suppose -144 = -f + 4*f. Let r be (30/(-8))/(3/f). Let p = -21 + 33. What is the highest common factor of p and r?
12
Let l(h) = h + 2. Let t be l(-1). Suppose 4*w = 5*b + 17, 5*w + b - 13 = t. Calculate the highest common factor of 24 and w.
3
Let s(i) = i**3 - 6*i**2 + 8*i - 6. Let a be s(5). Let r = 11 + a. What is the greatest common divisor of r and 100?
20
Suppose -4 = -15*y + 13*y. What is the greatest common divisor of y and 4?
2
Suppose 9*c - 1550 = -245. What is the highest common factor of 29 and c?
29
Suppose -50 = -4*j - 3*i + 6, 3*i = -3*j + 45. What is the greatest common factor of 99 and j?
11
Let r = -10 - -16. Suppose -t = t - 8. What is the greatest common factor of t and r?
2
Suppose 2 + 2 = l. Let w be ((-5)/l)/(3/(-12)). What is the greatest common factor of w and 50?
5
Suppose 5*z - 84 = 56. What is the greatest common factor of z and 112?
28
Let q be (2/2)/(2/6). Suppose -3*a + 2*a = -q*n + 14, 4*a + 32 = 4*n. Let s be (35/10)/((-1)/(-6)). What is the highest common divisor of n and s?
3
Let h = -12 + 15. Suppose 0*c = -h*c + 588. What is the highest common divisor of c and 28?
28
Let d = -39 + 40. Calculate the greatest common divisor of 5 and d.
1
Suppose 5*x - 6 = -2*o + 3*o, -3*o = -3*x - 6. Let b = -2 + x. Suppose h + 18 = 2*c - 0*h, 2*c + 2*h - 18 = b. Calculate the highest common factor of c and 1.
1
Suppose 4*d - 3*f - 131 = 0, 0 = 5*d + 5*f - 70 - 85. Let t = -60 + 140. What is the highest common divisor of d and t?
16
Suppose -3*g - 2 + 11 = -3*m, 0 = m. Suppose 4 = g*u + 16. Let a be (-1880)/(-45) - u/18. What is the greatest common divisor of a and 21?
21
Let r = 12 + -24. Let p = r - -14. What is the highest common divisor of p and 16?
2
Suppose 4*v - 366 = 6*v. Let x be v/(-9) - 10/(-15). Let w be 1325/9 + (-4)/18. What is the greatest common divisor of w and x?
21
Suppose 2*u - 1 = 7. What is the highest common divisor of 28 and u?
4
Let a(z) = -18*z - 22. Let g be a(-4). What is the greatest common divisor of g and 10?
10
Let x(f) = f**3 - 5*f**2 - 4*f - 7. Let n be x(6). Suppose -n = -4*c - c. What is the highest common factor of 1 and c?
1
Suppose 10 = 5*t - 45. Let m = 7 + t. Let r be 14 - (-1)/(3 + -2) - 3. Calculate the greatest common factor of m and r.
6
Suppose -4*a = -11 - 5. Calculate the highest common factor of a and 20.
4
Suppose -6 + 51 = l. Calculate the greatest common factor of 15 and l.
15
Suppose 5*k - 69 = 81. Calculate the highest common divisor of k and 10.
10
Let i be (-18)/12*(-8)/6. Suppose -2*d + i*g + 26 = 0, 4*d + 0*d - 51 = 3*g. Calculate the greatest common factor of d and 48.
12
Let r be (117/3)/((-3)/(-2)). Let g be (-7 - -3)/2 - -15. Calculate the highest common divisor of r and g.
13
Suppose 5*m = 20, 3*m = -2*k - 0*m + 10. Let u = k + 4. Suppose 3*h - 3 = -n, 0 = -h + 4*n - n + 11. Calculate the highest common divisor of u and h.
1
Suppose -5*m = -2*a - 133, -4*m - m + 141 = -4*a. What is the greatest common factor of 175 and m?
25
Let o = 0 - -2. What is the greatest common factor of o and 6?
2
Let q(v) = v**2 + 7*v - 22. Let o be q(-10). Calculate the highest common divisor of o and 1.
1
Suppose -5*b - 143 - 25 = -4*m, -5*m + 3*b = -210. Let f = 809 - 788. What is the highest common factor of m and f?
21
Let g = -105 - -270. Calculate the greatest common factor of 15 and g.
15
Let v = 89 - 44. Calculate the greatest common factor of 135 and v.
45
Let x(n) = -n**3 + 14*n**2 + 5*n - 25. Let v be x(14). What is the greatest common divisor of 60 and v?
15
Let o be (0 - 34/10)/((-2)/10). What is the greatest common divisor of o and 136?
17
Suppose t - 9 = 3*a, -t + 2 = -4*a - 6. Calculate the greatest common factor of t and 9.
3
Let c = 17 - 18. Let t be (c - -9)*(4 - -9). Calculate the highest common factor of t and 13.
13
Let q(r) = -r**2 + 12*r. Let b be q(10). What is the highest common factor of b and 8?
4
Suppose -2*f - 3*f = -30. Suppose 4*n + 37 = 4*x + 3*n, -2*x + 13 = 5*n. What is the highest common divisor of f and x?
3
Let d(o) = -o**2 + 10*o - 4. Let y be d(8). Calculate the greatest common factor of y and 18.
6
Let c = 11 - -2. Calculate the greatest common factor of 13 and c.
13
Let s(v) = -31*v**3. Let m be s(-1). Let r = m + -10. What is the highest common divisor of r and 14?
7
Suppose -3*q - 5*r + 173 = q, -q = -2*r - 40. Suppose -4*v = -g - 17 - 38, -3*v + 33 = 2*g. Let u = 27 - v. What is the highest common factor of q and u?
14
Let v = -64 - -70. What is the greatest common factor of v and 36?
6
Let z(o) = -o**2 + 4*o + 8. Let f be z(4). Calculate the greatest common factor of 16 and f.
8
Suppose 3*s + d - 564 = -0*d, 3*s = -5*d + 552. Calculate the greatest common factor of s and 27.
27
Suppose n + 1 = 4*w + 2, -4*n + 3*w + 17 = 0. Suppose 0*i = -n*i + 100. Calculate the highest common factor of 20 and i.
20
Suppose -3*q = 4*f + q + 12, -2*f - 3*q - 9 = 0. Let m be -7*(-2 + f)*1. What is the highest common factor of m and 42?
14
Let o be ((-30)/(-4) + 0)/((-3)/(-152)). Calculate the greatest common factor of o and 20.
20
Suppose 0 = c + 4*c - 5. What is the greatest common factor of 5 and c?
1
Let k(q) = q**3 - 4*q**2 + 2*q - 6. Let a be k(4). Let d = a - 0. Let u be (-2 + 9)*6/d. Calculate the greatest common divisor of u and 7.
7
Suppose -4*s = 2*y - 30, y = 3*y + s - 24. What is the highest common factor of y and 22?
11
Let i be 0 - (0 - -2) - -72. What is the highest common divisor of 14 and i?
14
Suppose 0 = -2*n - 2*n + 28. Let u = n - 3. Suppose -2*d + 190 = d + 4*l, u*d + 4*l - 256 = 0. What is the greatest common factor of 6 and d?
6
Let y be -24*((-18)/(-12) - 2). What is the highest common factor of 168 and y?
12
Let h be ((-22)/66)/(2/(-30)). Calculate the greatest common factor of 3 and h.
1
Let l be 30/9 + (-2)/(-3). Suppose 3*b - 3 = -t, -5*t = 3*b + l + 5. Let f be (-50)/(-4) + b/(-4). What is the greatest common divisor of f and 132?
12
Suppose 6 = -2*r - 4, 4*d - 4*r = 1184. Let m = -46 + 161. Suppose d = 4*x + m. What is the highest common divisor of 4 and x?
4
Let c = -2 - -74. Calculate the greatest common divisor of c and 9.
9
Suppose 2*d = -3*d + 15. Suppose -15 = -d*r, 0*r + 60 = h + 3*r. Calculate the highest common divisor of h and 15.
15
Let g(k) = k**3 + 3*k**2 - 2*k - 3. Let m(u) = -u**2 - 4*u + 2. Let n be m(-5). Let v be g(n). Calculate the greatest common divisor of 30 and v.
3
Let o be (-2)/(-3) - 3/(-9). Let q(s) = 262*s + 2. Let z be q(o). Calculate the highest common factor of z and 24.
24
Let y = 109 - 39. Suppose -3*m - 22 = -y. What is the highest common factor of m a